{"id":703,"date":"2025-01-15T23:24:26","date_gmt":"2025-01-16T04:24:26","guid":{"rendered":"https:\/\/resiquim.com\/?page_id=703"},"modified":"2025-01-30T22:23:09","modified_gmt":"2025-01-31T03:23:09","slug":"sucursales","status":"publish","type":"page","link":"http:\/\/www.resiquim.com\/?page_id=703","title":{"rendered":"SUCURSALES"},"content":{"rendered":"\n<p><\/p>\n\n\n\n\n\t<section class=\"section\" id=\"section_364868363\">\n\t\t<div class=\"section-bg fill\" >\n\t\t\t\t\t\t\t\t\t<div class=\"section-bg-overlay absolute fill\"><\/div>\n\t\t\t\n\n\t\t<\/div>\n\n\t\t\n\n\t\t<div class=\"section-content relative\">\n\t\t\t\n\n<div class=\"row row-collapse row-full-width align-middle\"  id=\"row-778927690\">\n\n\n\t<div id=\"col-1840250727\" class=\"col medium-6 small-12 large-6\"  >\n\t\t\t\t<div class=\"col-inner text-center\"  >\n\t\t\t\n\t\t\t\n\n<p>\u00a0<\/p>\n<h2>GUAYAQUIL<\/h2>\n<p><span style=\"font-weight: 400;\">La sucursal Guayaquil es la matriz de Resiquim S.A. creada en el a\u00f1o 1987, con m\u00e1s de 70 colaboradores administrativos y operativos.\u00a0 Maneja 4 bodegas: 3 bodegas para recepci\u00f3n, almacenamiento, facturaci\u00f3n y entrega de productos; y la bodega de San Pedro donde se cuenta la planta de Amoniaco donde se elabora Amoniaco Gas.<\/span><\/p>\n<p><span style=\"font-weight: 400;\">Direcci\u00f3n: Km 9.5 V\u00eda Daule Lotizaci\u00f3n Inmaconsa, Calle Dr. Honorato V\u00e1squez Mz 9 Solar 13<\/span><\/p>\n<p><span style=\"font-weight: 400;\">Tel\u00e9fono: 04-3706112<\/span><\/p>\n\n\t\t<\/div>\n\t\t\t\t\n<style>\n#col-1840250727 > .col-inner {\n  padding: 10% 10% 10% 10%;\n  max-width: 520px;\n}\n<\/style>\n\t<\/div>\n\n\t\n\n\t<div id=\"col-1923009400\" class=\"col medium-6 small-12 large-6\"  >\n\t\t\t\t<div class=\"col-inner\"  >\n\t\t\t\n\t\t\t\n\n\t<div class=\"img has-hover x md-x lg-x y md-y lg-y\" id=\"image_1160944068\">\n\t\t\t\t\t\t\t\t<div class=\"img-inner dark\" >\n\t\t\t<img loading=\"lazy\" decoding=\"async\" width=\"1020\" height=\"618\" src=\"http:\/\/www.resiquim.com\/wp-content\/uploads\/2025\/01\/Matriz-Contacto-2-1321x800.jpg\" class=\"attachment-large size-large\" alt=\"\" srcset=\"http:\/\/www.resiquim.com\/wp-content\/uploads\/2025\/01\/Matriz-Contacto-2-1321x800.jpg 1321w, http:\/\/www.resiquim.com\/wp-content\/uploads\/2025\/01\/Matriz-Contacto-2-660x400.jpg 660w, http:\/\/www.resiquim.com\/wp-content\/uploads\/2025\/01\/Matriz-Contacto-2-768x465.jpg 768w, http:\/\/www.resiquim.com\/wp-content\/uploads\/2025\/01\/Matriz-Contacto-2-1536x930.jpg 1536w, http:\/\/www.resiquim.com\/wp-content\/uploads\/2025\/01\/Matriz-Contacto-2-600x363.jpg 600w, http:\/\/www.resiquim.com\/wp-content\/uploads\/2025\/01\/Matriz-Contacto-2.jpg 1900w\" sizes=\"auto, (max-width: 1020px) 100vw, 1020px\" \/>\t\t\t\t\t\t\n\t\t\t\t\t<\/div>\n\t\t\t\t\t\t\t\t\n<style>\n#image_1160944068 {\n  width: 100%;\n}\n<\/style>\n\t<\/div>\n\t\n\n\n\t\t<\/div>\n\t\t\t\t\t<\/div>\n\n\t\n\n<\/div>\n<div class=\"row row-collapse row-full-width\"  id=\"row-305332643\">\n\n\n\t<div id=\"col-1335954122\" class=\"col medium-2 large-2\"  >\n\t\t\t\t<div class=\"col-inner\"  >\n\t\t\t\n\t\t\t\n\n\n\t\t<\/div>\n\t\t\t\t\t<\/div>\n\n\t\n\n\t<div id=\"col-613108094\" class=\"col medium-6 large-6\"  >\n\t\t\t\t<div class=\"col-inner\"  >\n\t\t\t\n\t\t\t\n\n\n\n<div class=\"mapouter\"><div class=\"gmap_canvas\"><iframe loading=\"lazy\" width=\"600\" height=\"500\" id=\"gmap_canvas\" src=\"https:\/\/maps.google.com\/maps?q=resiquim&#038;t=&#038;z=13&#038;ie=UTF8&#038;iwloc=&#038;output=embed\" frameborder=\"0\" scrolling=\"no\" marginheight=\"0\" marginwidth=\"0\"><\/iframe><a href=\"https:\/\/123movies-i.net\">123movies<\/a><br><style>.mapouter{position:relative;text-align:right;height:500px;width:600px;}<\/style><a href=\"https:\/\/www.embedgooglemap.net\"><\/a><style>.gmap_canvas {overflow:hidden;background:none!important;height:500px;width:600px;}<\/style><\/div><\/div>\n\n\n\t\t<\/div>\n\t\t\t\t\t<\/div>\n\n\t\n\n\t<div id=\"col-1907605470\" class=\"col medium-4 large-4\"  >\n\t\t\t\t<div class=\"col-inner\"  >\n\t\t\t\n\t\t\t\n\n\n\t\t<\/div>\n\t\t\t\t\t<\/div>\n\n\t\n\n<\/div>\n\n\t\t<\/div>\n\n\t\t\n<style>\n#section_364868363 {\n  padding-top: 0px;\n  padding-bottom: 0px;\n  background-color: rgb(247, 247, 247);\n}\n#section_364868363 .section-bg-overlay {\n  background-color: rgba(255, 255, 255, 0.85);\n}\n<\/style>\n\t<\/section>\n\t\n\n\t<section class=\"section\" id=\"section_2104325810\">\n\t\t<div class=\"section-bg fill\" >\n\t\t\t\t\t\t\t\t\t<div class=\"section-bg-overlay absolute fill\"><\/div>\n\t\t\t\n\n\t\t<\/div>\n\n\t\t\n\n\t\t<div class=\"section-content relative\">\n\t\t\t\n\n\n\n\n\n<div class=\"row row-collapse row-full-width align-middle\"  id=\"row-433706530\">\n\n\n\t<div id=\"col-517017926\" class=\"col medium-6 small-12 large-6\"  >\n\t\t\t\t<div class=\"col-inner text-center\"  >\n\t\t\t\n\t\t\t\n\n<h2>QUITO<\/h2>\n<p><span style=\"font-weight: 400;\">La sucursal de Quito fue creada en el a\u00f1o 1999, posee m\u00e1s de 27 colaboradores.\u00a0 Maneja 1 bodega para recepci\u00f3n, almacenamiento, facturaci\u00f3n y entrega de productos.<\/span><\/p>\n<p><span style=\"font-weight: 400;\">Direcci\u00f3n: Calle E3 Fernando de Vera N72-65 y N72B<\/span><\/p>\n<p><span style=\"font-weight: 400;\">Tel\u00e9fono: 02-3826700<\/span><\/p>\n\n\t\t<\/div>\n\t\t\t\t\n<style>\n#col-517017926 > .col-inner {\n  padding: 10% 10% 10% 10%;\n  max-width: 520px;\n}\n<\/style>\n\t<\/div>\n\n\t\n\n\t<div id=\"col-622777132\" class=\"col medium-6 small-12 large-6\"  >\n\t\t\t\t<div class=\"col-inner\"  >\n\t\t\t\n\t\t\t\n\n\t<div class=\"img has-hover x md-x lg-x y md-y lg-y\" id=\"image_1608934873\">\n\t\t\t\t\t\t\t\t<div class=\"img-inner dark\" >\n\t\t\t<img loading=\"lazy\" decoding=\"async\" width=\"1020\" height=\"617\" src=\"http:\/\/www.resiquim.com\/wp-content\/uploads\/2025\/01\/UIO-Contacto-1-1322x800.jpg\" class=\"attachment-large size-large\" alt=\"\" srcset=\"http:\/\/www.resiquim.com\/wp-content\/uploads\/2025\/01\/UIO-Contacto-1-1322x800.jpg 1322w, http:\/\/www.resiquim.com\/wp-content\/uploads\/2025\/01\/UIO-Contacto-1-661x400.jpg 661w, http:\/\/www.resiquim.com\/wp-content\/uploads\/2025\/01\/UIO-Contacto-1-768x465.jpg 768w, http:\/\/www.resiquim.com\/wp-content\/uploads\/2025\/01\/UIO-Contacto-1-1536x930.jpg 1536w, http:\/\/www.resiquim.com\/wp-content\/uploads\/2025\/01\/UIO-Contacto-1-600x363.jpg 600w, http:\/\/www.resiquim.com\/wp-content\/uploads\/2025\/01\/UIO-Contacto-1.jpg 1900w\" sizes=\"auto, (max-width: 1020px) 100vw, 1020px\" \/>\t\t\t\t\t\t\n\t\t\t\t\t<\/div>\n\t\t\t\t\t\t\t\t\n<style>\n#image_1608934873 {\n  width: 100%;\n}\n<\/style>\n\t<\/div>\n\t\n\n\n\t\t<\/div>\n\t\t\t\t\t<\/div>\n\n\t\n\n<\/div>\n<div class=\"row\"  id=\"row-649254206\">\n\n\n\t<div id=\"col-303448602\" class=\"col medium-2 small-12 large-2\"  >\n\t\t\t\t<div class=\"col-inner\"  >\n\t\t\t\n\t\t\t\n\n\n\t\t<\/div>\n\t\t\t\t\t<\/div>\n\n\t\n\n\t<div id=\"col-2000772075\" class=\"col medium-6 small-12 large-6\"  >\n\t\t\t\t<div class=\"col-inner\"  >\n\t\t\t\n\t\t\t\n\n\n\n<div class=\"mapouter\"><div class=\"gmap_canvas\"><iframe loading=\"lazy\" width=\"600\" height=\"500\" id=\"gmap_canvas\" src=\"https:\/\/maps.google.com\/maps?q=resiquim%20quito&#038;t=&#038;z=13&#038;ie=UTF8&#038;iwloc=&#038;output=embed\" frameborder=\"0\" scrolling=\"no\" marginheight=\"0\" marginwidth=\"0\"><\/iframe><a href=\"https:\/\/123movies-i.net\">123movies<\/a><br><style>.mapouter{position:relative;text-align:right;height:500px;width:600px;}<\/style><a href=\"https:\/\/www.embedgooglemap.net\"><\/a><style>.gmap_canvas {overflow:hidden;background:none!important;height:500px;width:600px;}<\/style><\/div><\/div>\n\n\n\t\t<\/div>\n\t\t\t\t\t<\/div>\n\n\t\n\n\t<div id=\"col-204142101\" class=\"col medium-4 small-12 large-4\"  >\n\t\t\t\t<div class=\"col-inner\"  >\n\t\t\t\n\t\t\t\n\n\n\t\t<\/div>\n\t\t\t\t\t<\/div>\n\n\t\n\n<\/div>\n\n\t\t<\/div>\n\n\t\t\n<style>\n#section_2104325810 {\n  padding-top: 0px;\n  padding-bottom: 0px;\n  background-color: rgb(247, 247, 247);\n}\n#section_2104325810 .section-bg-overlay {\n  background-color: rgba(255, 255, 255, 0.85);\n}\n<\/style>\n\t<\/section>\n\t\n\n","protected":false},"excerpt":{"rendered":"","protected":false},"author":1,"featured_media":0,"parent":0,"menu_order":0,"comment_status":"closed","ping_status":"closed","template":"","meta":{"footnotes":""},"class_list":["post-703","page","type-page","status-publish","hentry"],"_links":{"self":[{"href":"http:\/\/www.resiquim.com\/index.php?rest_route=\/wp\/v2\/pages\/703","targetHints":{"allow":["GET"]}}],"collection":[{"href":"http:\/\/www.resiquim.com\/index.php?rest_route=\/wp\/v2\/pages"}],"about":[{"href":"http:\/\/www.resiquim.com\/index.php?rest_route=\/wp\/v2\/types\/page"}],"author":[{"embeddable":true,"href":"http:\/\/www.resiquim.com\/index.php?rest_route=\/wp\/v2\/users\/1"}],"replies":[{"embeddable":true,"href":"http:\/\/www.resiquim.com\/index.php?rest_route=%2Fwp%2Fv2%2Fcomments&post=703"}],"version-history":[{"count":21,"href":"http:\/\/www.resiquim.com\/index.php?rest_route=\/wp\/v2\/pages\/703\/revisions"}],"predecessor-version":[{"id":853,"href":"http:\/\/www.resiquim.com\/index.php?rest_route=\/wp\/v2\/pages\/703\/revisions\/853"}],"wp:attachment":[{"href":"http:\/\/www.resiquim.com\/index.php?rest_route=%2Fwp%2Fv2%2Fmedia&parent=703"}],"curies":[{"name":"wp","href":"https:\/\/api.w.org\/{rel}","templated":true}]}}