{"id":1006,"date":"2025-02-11T11:18:52","date_gmt":"2025-02-11T16:18:52","guid":{"rendered":"https:\/\/resiquim.com\/?post_type=product&#038;p=1006"},"modified":"2025-02-11T11:18:52","modified_gmt":"2025-02-11T16:18:52","slug":"formol-37","status":"publish","type":"product","link":"http:\/\/www.resiquim.com\/?product=formol-37","title":{"rendered":"FORMOL 37%"},"content":{"rendered":"<p>Es una soluci\u00f3n acuosa de formaldeh\u00eddo, un compuesto qu\u00edmico vol\u00e1til, incoloro y con un olor penetrante caracter\u00edstico.<\/p>\n","protected":false},"excerpt":{"rendered":"<p>Es una soluci\u00f3n acuosa de formaldeh\u00eddo, un compuesto qu\u00edmico vol\u00e1til, incoloro y con un olor penetrante caracter\u00edstico.<\/p>\n","protected":false},"featured_media":1007,"comment_status":"open","ping_status":"closed","template":"","meta":[],"product_brand":[],"product_cat":[15,24],"product_tag":[],"class_list":{"0":"post-1006","1":"product","2":"type-product","3":"status-publish","4":"has-post-thumbnail","6":"product_cat-construccion","7":"product_cat-limpieza","9":"first","10":"instock","11":"shipping-taxable","12":"product-type-simple"},"_links":{"self":[{"href":"http:\/\/www.resiquim.com\/index.php?rest_route=\/wp\/v2\/product\/1006","targetHints":{"allow":["GET"]}}],"collection":[{"href":"http:\/\/www.resiquim.com\/index.php?rest_route=\/wp\/v2\/product"}],"about":[{"href":"http:\/\/www.resiquim.com\/index.php?rest_route=\/wp\/v2\/types\/product"}],"replies":[{"embeddable":true,"href":"http:\/\/www.resiquim.com\/index.php?rest_route=%2Fwp%2Fv2%2Fcomments&post=1006"}],"wp:featuredmedia":[{"embeddable":true,"href":"http:\/\/www.resiquim.com\/index.php?rest_route=\/wp\/v2\/media\/1007"}],"wp:attachment":[{"href":"http:\/\/www.resiquim.com\/index.php?rest_route=%2Fwp%2Fv2%2Fmedia&parent=1006"}],"wp:term":[{"taxonomy":"product_brand","embeddable":true,"href":"http:\/\/www.resiquim.com\/index.php?rest_route=%2Fwp%2Fv2%2Fproduct_brand&post=1006"},{"taxonomy":"product_cat","embeddable":true,"href":"http:\/\/www.resiquim.com\/index.php?rest_route=%2Fwp%2Fv2%2Fproduct_cat&post=1006"},{"taxonomy":"product_tag","embeddable":true,"href":"http:\/\/www.resiquim.com\/index.php?rest_route=%2Fwp%2Fv2%2Fproduct_tag&post=1006"}],"curies":[{"name":"wp","href":"https:\/\/api.w.org\/{rel}","templated":true}]}}